{"id":17,"date":"2011-01-27T16:24:55","date_gmt":"2011-01-27T16:24:55","guid":{"rendered":"http:\/\/wp.greko-elektro.de\/?page_id=17"},"modified":"2017-05-13T09:37:09","modified_gmt":"2017-05-13T08:37:09","slug":"produkte","status":"publish","type":"page","link":"https:\/\/www.greko-elektro.de\/?page_id=17","title":{"rendered":"Produkte"},"content":{"rendered":"<p><img loading=\"lazy\" decoding=\"async\" class=\"alignleft size-full wp-image-40\" title=\"led\" src=\"\/wp-content\/uploads\/2011\/01\/led.png\" alt=\"\" width=\"230\" height=\"150\" \/>Unsere Produktpalette bietet Ihnen eine Vielfalt an Leuchtmitteln wie LED Lichttechnik, Energiesparlampen, Leuchtstoffr\u00f6hren, Lichtschl\u00e4uche uvm.<\/p>\n<p>Au\u00dferdem bieten wir zu den entsprechenden Leuchtmitteln auch Verkabelungen und Kappen an.<\/p>\n<p><span style=\"color: #ffffff;\">&#8212;<\/span><\/p>\n<p><img loading=\"lazy\" decoding=\"async\" class=\"alignright size-full wp-image-41\" title=\"stecker_2\" src=\"\/wp-content\/uploads\/2011\/01\/stecker_2.png\" alt=\"\" width=\"230\" height=\"150\" \/><\/p>\n<p>Sollten Sie irgendwelche Fragen zu unseren Produkten haben, k\u00f6nnen wir Sie gerne pers\u00f6nlich beraten.<\/p>\n<p>Z\u00f6gern Sie also nicht uns anzusprechen!<\/p>\n<p><img loading=\"lazy\" decoding=\"async\" class=\"alignleft size-full wp-image-39\" title=\"kappen\" src=\"\/wp-content\/uploads\/2011\/01\/kappen.png\" alt=\"\" width=\"230\" height=\"150\" \/><\/p>\n<p>Wir freuen uns auf Ihre Anfrage.<\/p>\n","protected":false},"excerpt":{"rendered":"<p>Unsere Produktpalette bietet Ihnen eine Vielfalt an Leuchtmitteln wie LED Lichttechnik, Energiesparlampen, Leuchtstoffr\u00f6hren, Lichtschl\u00e4uche uvm. Au\u00dferdem bieten wir zu den entsprechenden Leuchtmitteln auch Verkabelungen und Kappen an. &#8212; Sollten Sie irgendwelche Fragen zu unseren Produkten haben, k\u00f6nnen wir Sie gerne pers\u00f6nlich beraten. Z\u00f6gern Sie also nicht uns anzusprechen! Wir freuen uns auf Ihre Anfrage.<\/p>\n","protected":false},"author":4,"featured_media":0,"parent":0,"menu_order":2,"comment_status":"closed","ping_status":"closed","template":"","meta":{"footnotes":""},"class_list":["post-17","page","type-page","status-publish","hentry"],"jetpack_sharing_enabled":true,"_links":{"self":[{"href":"https:\/\/www.greko-elektro.de\/index.php?rest_route=\/wp\/v2\/pages\/17","targetHints":{"allow":["GET"]}}],"collection":[{"href":"https:\/\/www.greko-elektro.de\/index.php?rest_route=\/wp\/v2\/pages"}],"about":[{"href":"https:\/\/www.greko-elektro.de\/index.php?rest_route=\/wp\/v2\/types\/page"}],"author":[{"embeddable":true,"href":"https:\/\/www.greko-elektro.de\/index.php?rest_route=\/wp\/v2\/users\/4"}],"replies":[{"embeddable":true,"href":"https:\/\/www.greko-elektro.de\/index.php?rest_route=%2Fwp%2Fv2%2Fcomments&post=17"}],"version-history":[{"count":12,"href":"https:\/\/www.greko-elektro.de\/index.php?rest_route=\/wp\/v2\/pages\/17\/revisions"}],"predecessor-version":[{"id":418,"href":"https:\/\/www.greko-elektro.de\/index.php?rest_route=\/wp\/v2\/pages\/17\/revisions\/418"}],"wp:attachment":[{"href":"https:\/\/www.greko-elektro.de\/index.php?rest_route=%2Fwp%2Fv2%2Fmedia&parent=17"}],"curies":[{"name":"wp","href":"https:\/\/api.w.org\/{rel}","templated":true}]}}